{"id":6516,"date":"2026-02-28T14:52:22","date_gmt":"2026-02-28T13:52:22","guid":{"rendered":"https:\/\/enoughgenug.org\/event\/fahrraddemo-wir-stehen-niemals-still-feministische-mobilitaet\/"},"modified":"2026-02-28T14:53:37","modified_gmt":"2026-02-28T13:53:37","slug":"fahrraddemo-wir-stehen-niemals-still-feministische-mobilitaet","status":"publish","type":"tribe_events","link":"https:\/\/enoughgenug.org\/de\/event\/fahrraddemo-wir-stehen-niemals-still-feministische-mobilitaet\/","title":{"rendered":"Fahrraddemo: Wir stehen niemals still! \u2013 Feministische Mobilit\u00e4t"},"content":{"rendered":"<p>Unsere St\u00e4dte sind nach den Bed\u00fcrfnissen von M\u00e4nnern ausgerichtet. Kaum Beleuchtung, schmale Gehwege, hohe Bordsteine, wenig Radwege, aber breite, mehrspurige Stra\u00dfen mit Parkpl\u00e4tzen als totem Stadtraum. Es ist Zeit, dass wir die Perspektive \u00e4ndern!<br \/>Frauen bewegen sich anders und diverser in der Stadt, sei es aus Sicherheitsgr\u00fcnden, wegen Sorgearbeit oder sei es, weil die wirtschaftlichen Ressourcen nicht f\u00fcr den Zweitwagen oder die Familienkutsche reichen. Es ist an der Zeit, Stadtraum und Stra\u00dfen neu zu denken!<\/p>\n<p>Mit der Fahrraddemo wollen wir auf das Ungleichgewicht in der allt\u00e4glichen Mobilit\u00e4t aufmerksam machen. Feministische Mobilit\u00e4t ist weit entfernt von Status und Vergn\u00fcgen, sie ist pragmatisch, zielf\u00fchrend und muss flexibel sein. Dazu sollte Stadt- und Stra\u00dfenplanung endlich die Wege schaffen!<\/p>\n<p>Am Ende f\u00fchrt unsere Fahrraddemo zur Kundgebung von ENOUGH! Wir freuen uns drauf, dort viele engagierte und aktivistische Menschen zu treffen und gemeinsam den Streiktag zu beenden.<\/p>\n<p>Start: Steinplatz<br \/>Ende: Platz des 18. M\u00e4rz<\/p>\n","protected":false},"excerpt":{"rendered":"<p>Unsere St\u00e4dte sind nach den Bed\u00fcrfnissen von M\u00e4nnern ausgerichtet. Kaum Beleuchtung, schmale Gehwege, hohe Bordsteine, wenig Radwege, aber breite, mehrspurige Stra\u00dfen mit Parkpl\u00e4tzen als totem Stadtraum. Es ist Zeit, dass&hellip;<\/p>\n","protected":false},"author":267334156,"featured_media":6515,"template":"","meta":{"_crdt_document":"","advanced_seo_description":"","jetpack_seo_html_title":"","jetpack_seo_noindex":false,"_tribe_events_status":"","_tribe_events_status_reason":"","_tribe_events_is_hybrid":"","_tribe_events_is_virtual":"","_tribe_events_virtual_video_source":"","_tribe_events_virtual_embed_video":"","_tribe_events_virtual_linked_button_text":"","_tribe_events_virtual_linked_button":"","_tribe_events_virtual_show_embed_at":"","_tribe_events_virtual_show_embed_to":[],"_tribe_events_virtual_show_on_event":"","_tribe_events_virtual_show_on_views":"","_tribe_events_virtual_url":"","footnotes":""},"tags":[],"tribe_events_cat":[1612],"class_list":["post-6516","tribe_events","type-tribe_events","status-publish","has-post-thumbnail","hentry","tribe_events_cat-berlin","cat_berlin"],"jetpack_likes_enabled":false,"jetpack_sharing_enabled":true,"_links":{"self":[{"href":"https:\/\/enoughgenug.org\/de\/wp-json\/wp\/v2\/tribe_events\/6516","targetHints":{"allow":["GET"]}}],"collection":[{"href":"https:\/\/enoughgenug.org\/de\/wp-json\/wp\/v2\/tribe_events"}],"about":[{"href":"https:\/\/enoughgenug.org\/de\/wp-json\/wp\/v2\/types\/tribe_events"}],"author":[{"embeddable":true,"href":"https:\/\/enoughgenug.org\/de\/wp-json\/wp\/v2\/users\/267334156"}],"version-history":[{"count":1,"href":"https:\/\/enoughgenug.org\/de\/wp-json\/wp\/v2\/tribe_events\/6516\/revisions"}],"predecessor-version":[{"id":6517,"href":"https:\/\/enoughgenug.org\/de\/wp-json\/wp\/v2\/tribe_events\/6516\/revisions\/6517"}],"wp:featuredmedia":[{"embeddable":true,"href":"https:\/\/enoughgenug.org\/de\/wp-json\/wp\/v2\/media\/6515"}],"wp:attachment":[{"href":"https:\/\/enoughgenug.org\/de\/wp-json\/wp\/v2\/media?parent=6516"}],"wp:term":[{"taxonomy":"post_tag","embeddable":true,"href":"https:\/\/enoughgenug.org\/de\/wp-json\/wp\/v2\/tags?post=6516"},{"taxonomy":"tribe_events_cat","embeddable":true,"href":"https:\/\/enoughgenug.org\/de\/wp-json\/wp\/v2\/tribe_events_cat?post=6516"}],"curies":[{"name":"wp","href":"https:\/\/api.w.org\/{rel}","templated":true}]}}

Fahrraddemo: Wir stehen niemals still! – Feministische Mobilität

<p>Unsere Städte sind nach den Bedürfnissen von Männern ausgerichtet. Kaum Beleuchtung, schmale Gehwege, hohe Bordsteine, wenig Radwege, aber breite, mehrspurige Straßen mit Parkplätzen als totem Stadtraum. Es ist Zeit, dass wir die Perspektive ändern!<br />Frauen bewegen sich anders und diverser in der Stadt, sei es aus Sicherheitsgründen, wegen Sorgearbeit oder sei es, weil die wirtschaftlichen Ressourcen nicht für den Zweitwagen oder die Familienkutsche reichen. Es ist an der Zeit, Stadtraum und Straßen neu zu denken!</p>
<p>Mit der Fahrraddemo wollen wir auf das Ungleichgewicht in der alltäglichen Mobilität aufmerksam machen. Feministische Mobilität ist weit entfernt von Status und Vergnügen, sie ist pragmatisch, zielführend und muss flexibel sein. Dazu sollte Stadt- und Straßenplanung endlich die Wege schaffen!</p>
<p>Am Ende führt unsere Fahrraddemo zur Kundgebung von ENOUGH! Wir freuen uns drauf, dort viele engagierte und aktivistische Menschen zu treffen und gemeinsam den Streiktag zu beenden.</p>
<p>Start: Steinplatz<br />Ende: Platz des 18. März</p>

<p>Unsere Städte sind nach den Bedürfnissen von Männern ausgerichtet. Kaum Beleuchtung, schmale Gehwege, hohe Bordsteine, wenig Radwege, aber breite, mehrspurige Straßen mit Parkplätzen als totem Stadtraum. Es ist Zeit, dass&hellip;</p>
